{"id":40,"date":"2021-10-26T13:16:30","date_gmt":"2021-10-26T11:16:30","guid":{"rendered":"https:\/\/ppa-distribution.ch\/?page_id=40"},"modified":"2026-01-10T11:25:25","modified_gmt":"2026-01-10T10:25:25","slug":"outillerie","status":"publish","type":"page","link":"https:\/\/ppa-distribution.ch\/?page_id=40","title":{"rendered":"Catalogue"},"content":{"rendered":"<ul>\n<li style=\"text-align: left;\">\n<h4><span style=\"color: #ff6600;\"><a style=\"color: #ff6600;\" href=\"https:\/\/ppa-distribution.ch\/x_docs\/PPA_kat_gen.pdf\" target=\"_blank\" rel=\"noopener\">Catalogue g\u00e9n\u00e9ral<\/a><\/span><\/h4>\n<\/li>\n<li style=\"text-align: left;\">\n<h4><span style=\"color: #ff6600;\"><a style=\"color: #ff6600;\" href=\"https:\/\/ppa-distribution.ch\/x_docs\/PPA_kat_equip-antichute.pdf\" target=\"_blank\" rel=\"noopener\">Equipements antichute<\/a><br \/>\n<\/span><\/h4>\n<\/li>\n<li style=\"text-align: left;\">\n<h4><span style=\"color: #ff6600;\"><a style=\"color: #ff6600;\" href=\"https:\/\/ppa-distribution.ch\/x_docs\/PPA_kat_chauss-sec.pdf\" target=\"_blank\" rel=\"noopener\">Chaussures de s\u00e9curit\u00e9<\/a><br \/>\n<\/span><\/h4>\n<\/li>\n<li style=\"text-align: left;\">\n<h4><span style=\"color: #ff6600;\"><a style=\"color: #ff6600;\" href=\"https:\/\/ppa-distribution.ch\/x_docs\/PPA_kat_vet-gastro.pdf\" target=\"_blank\" rel=\"noopener\">V\u00eatements pour la gastronomie<\/a><br \/>\n<\/span><\/h4>\n<\/li>\n<li style=\"text-align: left;\">\n<h4><span style=\"color: #ff6600;\"><a style=\"color: #ff6600;\" href=\"https:\/\/g.co\/kgs\/HDJ9fwp\" target=\"_blank\" rel=\"noopener\">Offres sp\u00e9ciales du moment sur Google<\/a><br \/>\n<\/span><\/h4>\n<\/li>\n<li style=\"text-align: left;\">\n<h4><a href=\"https:\/\/ppa-distribution.ch\/?page_id=424\"><span style=\"color: #3366ff;\">Conditions g\u00e9n\u00e9rales de vente<\/span><\/a><\/h4>\n<\/li>\n<\/ul>\n","protected":false},"excerpt":{"rendered":"<p>Catalogue g\u00e9n\u00e9ral Equipements antichute Chaussures de s\u00e9curit\u00e9 V\u00eatements pour la gastronomie Offres sp\u00e9ciales du moment sur Google Conditions g\u00e9n\u00e9rales de vente<\/p>\n","protected":false},"author":1,"featured_media":0,"parent":76,"menu_order":11,"comment_status":"closed","ping_status":"closed","template":"template-full-width.php","meta":{"footnotes":""},"class_list":["post-40","page","type-page","status-publish","hentry"],"_links":{"self":[{"href":"https:\/\/ppa-distribution.ch\/index.php?rest_route=\/wp\/v2\/pages\/40","targetHints":{"allow":["GET"]}}],"collection":[{"href":"https:\/\/ppa-distribution.ch\/index.php?rest_route=\/wp\/v2\/pages"}],"about":[{"href":"https:\/\/ppa-distribution.ch\/index.php?rest_route=\/wp\/v2\/types\/page"}],"author":[{"embeddable":true,"href":"https:\/\/ppa-distribution.ch\/index.php?rest_route=\/wp\/v2\/users\/1"}],"replies":[{"embeddable":true,"href":"https:\/\/ppa-distribution.ch\/index.php?rest_route=%2Fwp%2Fv2%2Fcomments&post=40"}],"version-history":[{"count":24,"href":"https:\/\/ppa-distribution.ch\/index.php?rest_route=\/wp\/v2\/pages\/40\/revisions"}],"predecessor-version":[{"id":1144,"href":"https:\/\/ppa-distribution.ch\/index.php?rest_route=\/wp\/v2\/pages\/40\/revisions\/1144"}],"up":[{"embeddable":true,"href":"https:\/\/ppa-distribution.ch\/index.php?rest_route=\/wp\/v2\/pages\/76"}],"wp:attachment":[{"href":"https:\/\/ppa-distribution.ch\/index.php?rest_route=%2Fwp%2Fv2%2Fmedia&parent=40"}],"curies":[{"name":"wp","href":"https:\/\/api.w.org\/{rel}","templated":true}]}}